ose -w + 4*i = -4 - 12, d*w - 32 = 2*i. Calculate the greatest common factor of w and 4.
4
Let x(z) = 5*z**3 - z**2. Let t be x(1). Suppose 2*i = t*i - 16. Let w = 69 - 45. Calculate the highest common divisor of i and w.
8
Suppose -3*f + 24 = f. Suppose -f = -2*c, -h - c + 19 = h. What is the greatest common divisor of h and 20?
4
Let i = -177 + 196. What is the highest common divisor of i and 114?
19
Let o(h) = 2345*h**3 - h**2 - 5*h + 4. Let f be o(1). What is the highest common divisor of 33 and f?
33
Suppose 6*h - 640 = -2*h. What is the highest common factor of 200 and h?
40
Let l(m) = m**3 + 7*m**2 + 4*m - 8. Let d be l(-4). Let i = -13 + d. Let a be (-88)/((-1)/(2/2)). What is the highest common divisor of i and a?
11
Suppose -3*z + 8*z - 4*s - 2290 = 0, 0 = -2*z - s + 929. Suppose 6*i - z + 0 = 0. Calculate the greatest common factor of 11 and i.
11
Let q = 1 - -5. Let f(j) = 0*j - j**3 - 5*j**2 - 10*j + 5*j. Let a be f(-4). What is the greatest common factor of a and q?
2
Suppose 3*v + 2*g = 1252, 0 = -3*v - 0*v - 4*g + 1256. What is the greatest common factor of v and 26?
26
Let p(r) = 5*r**2 - 38*r + 5. Let c be p(11). What is the highest common factor of 12 and c?
12
Let x = -17 - -13. Let s be (-32)/2*6/x. Suppose -4*m + s = -84. What is the highest common factor of m and 27?
27
Let w(g) = -g**3 - 6*g**2 - 7*g + 8. Let n be w(-4). Suppose 3*l - 3*h = 24, -n*l - h = -0*l - 17. What is the highest common factor of 45 and l?
5
Let y(q) = 49*q**2 - 1. Let w be y(-1). Suppose 4*n = n + w. Suppose 4*h - n + 0 = 0. Calculate the greatest common divisor of 2 and h.
2
Let o = 77 - 53. Let l be (68/6)/((-2)/3). Let d = -13 - l. What is the greatest common divisor of d and o?
4
Suppose 5*d - 209 = 196. Calculate the greatest common divisor of 9 and d.
9
Let k = -36 - -52. What is the highest common factor of k and 112?
16
Let t(n) = -47*n**3 - n. Let h be t(-1). Suppose 44*d - h*d + 4 = 0. What is the highest common divisor of 1 and d?
1
Suppose 4704 = 17*m - 3*m. Calculate the greatest common factor of 42 and m.
42
Let k be 358 + 6 - 6*1/2. What is the highest common divisor of 19 and k?
19
Suppose 0 = -5*r + 3*b - 14, -3*r - 14 = 2*b - b. Let f be ((-11)/r + -2)*16. What is the greatest common factor of 84 and f?
12
Let x(j) = -22*j + 8. Let m be x(6). Let b = 70 + m. Let y be 12/(-8) + b/(-4). What is the highest common factor of 4 and y?
4
Let v(o) = o**3 - 3*o**2 + o + 1. Let w be v(4). Suppose 15 - 9 = 3*c. Let l be 4 - 6/(-4)*c. What is the highest common divisor of w and l?
7
Let s(x) = -2*x**3 - 3*x**2 + 4*x + 4. Let h be s(-3). Let a = 7901 - 7863. What is the greatest common divisor of h and a?
19
Let o = -5 - -59. What is the highest common divisor of o and 30?
6
Suppose -2*k - 4 = -4*k. Let z be (k/(-4))/(3/(-108)). Suppose -2*v + 8 = 2*o - 14, 0 = -3*o + 2*v + z. What is the highest common factor of o and 56?
8
Suppose 4*c - 5*c - 2 = 0. Let f be (-1)/c - (-4354)/28. Suppose 9*o = 5*o + f. What is the greatest common divisor of 13 and o?
13
Let s = -1835 + 1841. Let m = 12 + 42. Calculate the highest common divisor of s and m.
6
Suppose -40 = -2*n + i - 5*i, -115 = -4*n - i. What is the greatest common divisor of 6 and n?
6
Suppose 4*f = 74 + 150. Suppose -5*a + 124 = -f. Calculate the highest common divisor of a and 24.
12
Let v(u) = u**2 - 3*u + 4. Suppose 3*d = l + 17, 3*d - 16 - 16 = 4*l. Let a be v(d). Suppose 4*k + 60 = a*k. Calculate the greatest common factor of 6 and k.
3
Let z be (2 - (4 - -1)) + 0. Let r = z - -16. Suppose 5*g - 73 - 110 = -2*s, 302 = 3*s + 2*g. What is the highest common divisor of s and r?
13
Suppose -5*k = -3*b - 3364, 4*k - 3*b = 3473 - 780. What is the greatest common factor of k and 11?
11
Let i = -2378 + 2547. Calculate the highest common factor of i and 221.
13
Let b = -38 - 46. Let r = -36 - b. What is the highest common divisor of r and 36?
12
Let h(c) = -c**2 + 8*c - 6. Let r = -3 - -9. Let z be h(r). Let p = 24 - z. Calculate the highest common divisor of 27 and p.
9
Let x be (0 - -1)*15*2. Let c be (1 + -3)/((-10)/25). Let a be (c/3)/(1/27). Calculate the highest common factor of a and x.
15
Let n be (6/(-5))/3 - 62484/(-410). Calculate the greatest common divisor of 8 and n.
8
Let d = 123 - 34. Let n = -41 + d. Calculate the highest common factor of 6 and n.
6
Suppose -28*i + 26*i - 4*k + 4 = 0, -4*i + 5*k = -60. Calculate the highest common factor of i and 710.
10
Suppose 0 = c - 5*h - 75, -20 = c - h - 95. Let x(v) = v**3 - 5*v**2 + 3*v. Let g be x(5). Calculate the greatest common factor of c and g.
15
Suppose 90 = n + n. Let t be ((-2)/(2/(-5)))/((-41)/(-82)). Suppose 73 = t*b + 23. What is the greatest common divisor of n and b?
5
Let g(r) = -9*r**2 - 340*r - 35. Let b be g(-27). Calculate the greatest common factor of b and 272.
136
Let i be 4/(-2) + (1 - -7) + (13 - 17). Let w(x) = x**3 + 7*x**2 + x - 8. Let z be w(-6). What is the greatest common divisor of z and i?
2
Let o be (-51)/((-4)/(-2) - (-35)/(-10)). Calculate the highest common factor of 153 and o.
17
Let n(v) = v + 176. Let r be n(33). Calculate the highest common divisor of 57 and r.
19
Let d(c) = c**3 - c**2 + c - 42. Let l be d(4). What is the highest common divisor of 710 and l?
10
Let c = 493 - 312. Let b = c + -129. What is the greatest common divisor of b and 78?
26
Suppose 3*j = 5*u + 90, 26 + 4 = j + 5*u. Calculate the highest common divisor of j and 10.
10
Suppose 3*n = -2*d - 2, -n = 4*d - 9*d + 12. Let m be (-3)/12*d*-8. Calculate the highest common divisor of m and 1.
1
Let g(t) = -2 + 5 - 741*t + t**3 + 748*t - 7*t**2. Let m be g(6). Calculate the greatest common factor of 27 and m.
9
Let j(r) be the first derivative of 3*r**2/2 + 79*r + 42. Let g be j(-12). What is the greatest common divisor of 387 and g?
43
Suppose -3062 = -8*a + 1114. Calculate the greatest common divisor of a and 72.
18
Suppose 74*s - 9*s = -19*s + 84. Suppose 0*q - q - 15 = -3*h, 5*h - 4*q - 25 = 0. Calculate the greatest common factor of s and h.
1
Let a = 6 + -1. Suppose -a*u + 444 = -516. Let c = 8 - -16. Calculate the greatest common divisor of c and u.
24
Suppose 35*l - 220 - 130 = 0. Suppose 2*z + 720 = 3*w + z, -4*z = 12. Let g = w - 159. Calculate the highest common divisor of l and g.
10
Let t be (8/6)/((-8)/12). Let w be -1 + 3 + 4 + t. Suppose -5*p + 680 = 5*g - 0*p, -4*p - 544 = -w*g. What is the highest common divisor of g and 17?
17
Let z be 12/54 - (-1580)/18. Suppose -6*w + 2*w = 28. Let i = 1 - w. What is the highest common factor of z and i?
8
Let m(j) = 8*j - 155. Let s be m(20). Let x = 98 - 53. Calculate the highest common factor of s and x.
5
Let x(i) = -i**2 + 17*i - 10. Let h be x(10). Let d = h - -10. What is the greatest common divisor of d and 10?
10
Let z(k) = 3*k**2 - k. Let l be z(2). Let d = 13 - 16. Let c be d*(-3)/((-27)/(-30)). What is the greatest common divisor of l and c?
10
Let b(i) = i**3 + 9*i**2 + 7*i - 4. Let p be b(-8). Let s be (-70)/p*-2*(-8)/(-20). Calculate the highest common divisor of s and 28.
14
Suppose 3 = -0*t + t, -3*t = 5*y - 359. What is the highest common factor of 70 and y?
70
Suppose 0 = -81*d + 113*d - 832. What is the highest common factor of 104 and d?
26
Suppose 2*t = 5 + 1. What is the greatest common divisor of t and 327?
3
Let r be -7 + -8*(-2 + (-18)/8). Calculate the highest common divisor of 243 and r.
27
Let u(y) = -2*y**3 - 2*y**2 - 9. Let j = 34 - 39. Let p be u(j). Suppose d = -4 + p. Calculate the highest common divisor of 17 and d.
17
Let i be ((-12)/36)/(0 - 2/36). Suppose 2*s = -i*s + 160. What is the highest common factor of s and 10?
10
Suppose 4*h - 5 = -3*n, -9 = -7*n + 3*n - 3*h. What is the highest common factor of 243 and n?
3
Suppose t + 2*a - 1 = a, 2 = -2*a. Suppose 2*b + 98 = -0*l + l, -t*b = -2. What is the greatest common divisor of 250 and l?
50
Let t be ((-93)/5)/(4/(-60)*3). Let v = 162 + t. What is the highest common divisor of v and 51?
51
Suppose 0 = 138*r - 142*r + 60. Let v = 0 + r. What is the highest common divisor of 180 and v?
15
Let y be (22 + -21)/(13/(-7) - -2). Let k = -154 - -217. What is the greatest common factor of y and k?
7
Let m be (-2 + 4/8 - 1)*-36. Let z(x) = -4*x - 58. Let o be z(-17). Calculate the highest com